 4*y. Suppose 0 = -2*a + 6*a + x. Determine j(a).
6
Let w(d) = d**2 + 7*d + 2. Let b = 138 - 145. Determine w(b).
2
Let y(f) be the second derivative of -f**5/20 - f**4/2 - 2*f**3/3 + f**2 + 6*f. Give y(-4).
-14
Let h(b) be the third derivative of -b**5/30 + b**4/8 - b**3/6 - 5*b**2. What is h(2)?
-3
Let r(p) = 9 - 5*p - 18 + 10 + p**2. Let g be (1/3)/(5/(-30)). Let d be (-6)/g - (-1 + -1). Give r(d).
1
Suppose 5 = -2*n + 11. Suppose h + 5*t - n = 4*h, 4*h - 5*t + 4 = 0. Let c(j) = -16*j**2. Let b(u) = u**2. Let p(l) = 42*b(l) + 3*c(l). Calculate p(h).
-6
Let w(f) = -f**2 - 4*f - 2. Let d = -4 + 35. Let v = d - 3. Suppose 5*g = 5*q + 15, v = -4*q - 0*g - 4*g. What is w(q)?
-7
Let y = -24 + 25. Let h(f) = -7*f**3 + 2*f**2 - 1. What is h(y)?
-6
Let w(r) = 0*r - 3*r**2 - 5*r + 5*r. Suppose 2 = -x + 4. Let f(z) = -z**2 + 3*z - 3. Let j be f(x). Calculate w(j).
-3
Let u(w) = 5*w + 6*w - 4*w - 3*w. What is u(-1)?
-4
Suppose 4*d - 8*n - 33 = -9*n, 0 = d - 2*n - 6. Let r(j) = j**3 - 8*j**2 - 1. Determine r(d).
-1
Let z(i) be the first derivative of -i**4/24 + 2*i**3/3 - 2*i**2 + 4. Let m(h) be the second derivative of z(h). Suppose -12 = 3*f - 6*f. What is m(f)?
0
Suppose 2*d - 6 = -3*a, 0*d - 3*d + 4 = 2*a. Let v(j) = -j + 1. Let x be v(-2). Let n(q) = -q**a + x*q**3 + 1 + q**2 + 2*q. Calculate n(-1).
-4
Let s = 0 - 2. Let b(j) = -2*j**2 - 4*j + 4. Let a(r) = r - 1. Let m(i) = -2*a(i) - b(i). Let v(n) be the first derivative of m(n). Give v(s).
-6
Let n(d) = d**2 - 6. Let a(f) = f - 7. Suppose 2 = 3*v - 13. Suppose 5*c = -v*q + 25, -7 - 1 = 4*c. Let o be a(q). Determine n(o).
-6
Let t(p) = -p + 10. Let b(s) = -s - 7. Let d be b(-12). Calculate t(d).
5
Let v(s) be the third derivative of s**7/2520 - s**6/144 - s**5/20 - s**4/6 - 4*s**2. Let q(g) be the second derivative of v(g). Give q(6).
0
Let v(i) = 0*i + 0 - 1 + 0*i + i. Let l(m) = 2*m - 1. Let x(s) = 2*l(s) - 3*v(s). Determine x(-4).
-3
Let x = -2 - -6. Let q(v) = -x + 9 - 5 - v. Let z be (2/(-4))/(3/30). Give q(z).
5
Let n(v) = -4 - 6 + v - 8 + 4. Suppose s = -3*s + 24. Give n(s).
-8
Let b = 5 + -4. Let s(a) = -a**3 - a. Let r(x) = 4*x**3 + 3*x**2 - 2*x - 5. Let j(l) = b*r(l) + 3*s(l). What is j(-4)?
-1
Let a(c) = 2*c**2 - 4*c + 4. Let m(t) = t**2 - 6*t + 6*t + 1. Let p(h) = a(h) - m(h). Give p(4).
3
Let m(o) = 4*o + 1. Let s be m(1). Suppose s*g = -0*b - 2*b + 10, -b = -2*g + 13. Let v be g/1*(-20)/16. Let u(c) = -c**2 - 6*c - 6. Determine u(v).
-1
Let o = -29 + 32. Let i(m) be the first derivative of -2 - 1/3*m**3 + o*m + 1/2*m**2. Calculate i(3).
-3
Suppose l - 4*l = -12. Let y(k) = -l*k**2 + k**2 - 3 - k + 4*k**2. Determine y(0).
-3
Let a(t) be the second derivative of t**5/20 + 2*t**4/3 + 5*t**3/6 - 7*t**2/2 - 21*t. Calculate a(-7).
7
Let h(k) = -k**3 + 4*k**2 + 3*k + 9. Let m be h(5). Let i(z) = 6*z**3 + z**2 - z - 1. What is i(m)?
-5
Let w(t) be the first derivative of 3*t**2 - t - 15. Calculate w(-1).
-7
Let k(p) = p**2 + 11*p + 6. Let a be k(-11). Let g = 7 - a. Let z(w) = 6*w. Determine z(g).
6
Let z(x) = -x**3 + 7*x - x**2 - 7*x. Suppose 5*l + 14 = 49. Suppose l*d - 3*d = 0. Determine z(d).
0
Let j(f) = f**2 - 4*f + 1 + 4 - 2*f**2. Suppose 0 = o - 2*l + 12, -2*o = 6*l - 2*l - 8. Let g be 3/6 - (-18)/o. Determine j(g).
5
Let w = -6 + 11. Suppose 0 = -3*g + 4*g + 3*b - 6, -w*g - 46 = -4*b. Let s(k) = k**2 + 7*k + 7. Determine s(g).
1
Let a(n) = -n + 4. Suppose 3*q - 5*i = 40, 3*q + 6*i - i = -10. Suppose -9*g = -q*g - 20. Give a(g).
-1
Let w = 3 + -3. Let p(i) = i - 2. Let u be p(6). Let k(s) = 2*s + w - u*s - 3. What is k(-5)?
7
Suppose -3 = -c - 0*c. Let p(n) = n + 2*n - 4*n - 1. Calculate p(c).
-4
Let n(k) = -3*k - 5. Let j be n(-4). Let i(d) = d - 10. Let l(w) = 3*w - 29. Let z(f) = 8*i(f) - 3*l(f). Let u be z(j). Let o(b) = -b - 6. Give o(u).
-6
Suppose -4*f = 5*t + 2, 0 = 3*f + 2*t - 7*t + 19. Let q be (-1 - -3) + 1 + f. Let c(r) = -3*r**3 + q*r**2 + r + 4*r**3 - 2*r**2. Give c(1).
0
Suppose 0*n - 2*n + 5 = x, -5*n - x = -11. Suppose -5*z + 27 = -5*i + 2, -z - i - 3 = 0. Let w(j) = z - 2*j + 2*j**2 - 1. Determine w(n).
4
Let g(m) = 3*m - 3. Let z(a) = a - 2. Let o(r) = -4*g(r) + 7*z(r). Determine o(-2).
8
Let f(w) = 1. Let l(c) = c - 3. Let v be (-2 - (-1 + -1))/(-1). Suppose -4*q + b + 10 + 4 = v, -10 = -2*q - b. Let o(x) = q*f(x) + l(x). Determine o(1).
2
Let l(w) be the first derivative of w**4/4 + w**3/3 + 5*w + 2. Let s = -71 + 71. Give l(s).
5
Suppose 2*o = 5 + 3. Suppose -2*l + 2*c = c - 3, -3*l - 3 = -o*c. Let b(i) = i**2 - 5*i - 1. What is b(l)?
-7
Suppose -3*s = 8 - 20. Suppose s*i = -6 - 6. Let z(v) = -v**3 - 3*v**2 - 3*v. Give z(i).
9
Let t(x) = -x + 7. Let a(q) = q**2 - q + 5. Let r be (-6)/21 + (-2)/(-7). Let o be a(r). Give t(o).
2
Let h(i) = -2*i - 2. Let u = 62 - 60. Determine h(u).
-6
Suppose 3*x = 2*d - 7*d + 28, 4*d - 21 = -x. Let v(a) = a**2 - 6*a - 2. What is v(d)?
-7
Let x(v) = -4*v - 1 + 3 + 4*v + v. What is x(4)?
6
Let n(d) = -d**2 - 8*d + 3. Suppose -j - s - 7 = s, -2*j + 2*s = 14. Determine n(j).
10
Let b = 0 - 1. Let i(d) be the first derivative of d**4/4 + d**2/2 + 1. Let j(c) be the second derivative of i(c). Determine j(b).
-6
Let a(z) be the first derivative of -z**4/12 + z**3/6 + 3*z**2/2 - 2. Let x(y) be the second derivative of a(y). Give x(-2).
5
Let l(d) = -3. Let z(h) = 13. Let j(y) = -9*l(y) - 2*z(y). Let k(f) = f**2 + 5*f - 2. Let n(g) = 4*j(g) + k(g). Determine n(-3).
-4
Let y(j) = -j**3 + 6*j**2 - 4*j + 1. Let m(g) = -g + 16. Let w be m(11). What is y(w)?
6
Suppose v + 15 = 4*v. Let w be (v + -2)*10/15. Let p(o) = -w + o**3 + o + 2*o + 4*o**2 - o. Give p(-2).
2
Let b be 5 + -1 + -4 - 4. Let t(p) = -p**2 - 4*p + 4. What is t(b)?
4
Let t(z) = 7*z**3 - 6*z**2 + 9*z - 3. Let i = 8 + -14. Let v(o) = 13*o**3 - 12*o**2 + 17*o - 5. Let s(p) = i*v(p) + 11*t(p). Give s(5).
7
Let p(u) = -u**2 - 11*u - 24. Let i be p(-9). Let m(b) = b**3 + 5*b**2 - 3*b + 5. What is m(i)?
-13
Let a(q) = q**2 - q - 8. Suppose -o - 5 = 4*o. Let c be (o + 7)/3 - 2. Give a(c).
-8
Let v(d) = d**3 - 4*d**2 - 2*d + 4. Let p = -15 - -18. Give v(p).
-11
Let r = -1 - -6. Let s(l) be the third derivative of l**5/60 - 5*l**4/24 - l**3/3 + 2*l**2. Calculate s(r).
-2
Let r(v) = -2*v**2 + 2*v. Let h(m) = -9*m**3 - m**2 - m - 1. Let s be h(-1). Let a = -6 + s. Suppose 10 = -a*y + 7*y. Determine r(y).
-4
Let d(z) = -z - z**2 - z + 9 - 2. Give d(-5).
-8
Suppose 9*t + 35 = 4*t. Let l(k) = 4*k - 28. Let n(c) = c - 9. Let g(y) = t*n(y) + 2*l(y). What is g(0)?
7
Let g(w) = -7*w**2 + 14*w + 1. Let z(o) = -6*o**2 + 12*o + 1. Let c(x) = -4*g(x) + 5*z(x). Calculate c(3).
-5
Let q(j) be the first derivative of -j**4/4 + j**3 + 3*j**2/2 + 1. Let r be q(4). Let l = 7 + r. Let t(c) = -c**2 + 3*c - 3. Calculate t(l).
-3
Let p = -161 + 163. Let h(u) be the first derivative of -p + 1/2*u**2 - 2*u. What is h(0)?
-2
Let j(o) be the second derivative of o**5/20 + o**4/2 + 3*o**2/2 - o. Let l(p) = 10*p + 14. Let t be l(-2). What is j(t)?
3
Let z(p) be the third derivative of -11*p**4/24 + p**3/6 + 42*p**2. What is z(3)?
-32
Let t(l) be the first derivative of l**2/2 + 4*l - 8. What is t(-6)?
-2
Let c be (-6)/4*8/6. Let u = -3 - c. Let q(t) = -2*t - 7*t**2 - 1 + 6*t**2 + 4*t**2. Calculate q(u).
4
Let f(k) = -8*k + 7. Let d(i) = 7*i - 6. Let r(q) = 7*d(q) + 6*f(q). Give r(7).
7
Let s(n) be the first derivative of -n**2 - 4*n + 13. Determine s(4).
-12
Let q = -15 + 19. Suppose 3 = -q*p - 13. Let l(v) = v**3 + 5*v**2 + 2*v - 5. Give l(p).
3
Let u(l) = 11*l**2 - 7 + 3*l**2 - 5*l - 7*l**2 - l**3. Determine u(6).
-1
Let d be (-2)/(2/(-9)) + -1. Suppose -d*x + 8 = -4*x. Let h(r) = -r**2 - 2. Let q(k) = 3*k + 4. Let b(t) = -2*h(t) - q(t). Determine b(x).
2
Let m(a) = -a**2 - 9*a + 11. Let p(n) = 3*n**2 + 26*n - 32. Let b(x) = 17*m(x) + 6*p(x). Let l = -163 + 159. Give b(l).
-1
Let y(l) = l**3 + 6*l**2 + 3*l - 7. Let g be y(-5). Suppose g*d + d = 0. Let c(x) = x + 1. What is c(d)?
1
Let q(t) = -3*t - 4 + 2*t + 0*t. Suppose -2*z + z - 8 = 0. Let l = 8 + z. What is q(l)?
-4
Let z(p) be the first derivative of -1/4*p**4 - 5/2*p**2 - 5*p + 2 + 2*p**3. Let m be (-54)/(-10) - 2/5. Determine z(m).
-5
Suppose -8 = -f - 4. Let h(t) = -3*t + 2. Give h(f).
-10
Let f(b) = -2*b + 5. Let q be -3*(2 + -1 - 2). Suppose -3*s +